at is the units digit of i/(-6 - 0) + (-4221)/(-54)?
8
Suppose 5*y - 2*f - 2*f = -9, -y - 2*f = -1. Suppose 5*c + 5*v = -875, 528 = 2*c - 5*c - 2*v. What is the units digit of ((-3)/(-6) + y)*c?
9
Let c be 2/(-13) + (4561/(-13) - -3). Let n = c - -438. What is the units digit of n?
0
Let l(o) = 61*o**2 + 3*o - 1. Let w be l(1). Suppose 2*i = -4*a + 208, a - 11*i = -6*i + w. What is the tens digit of a?
5
Let d(r) = -7*r**3 + 4*r**2 - 12*r - 531. What is the ten thousands digit of d(-21)?
6
What is the units digit of ((-1)/1)/((-14)/42)*-1 + 21907?
4
Suppose 4*t - 252 = t. Suppose -t = -0*x - x. Let g = x - 0. What is the tens digit of g?
8
Suppose 5*u = 3*w + 2188, 0 = -u - 2*u - 4*w + 1307. Let g be (3 - u)/(-1) - 2/(-2). Let r = g + -244. What is the tens digit of r?
9
Suppose -3*y - 12 = -4*h, 4*h - 2*y + 9 = 21. Suppose -7*p + h*p = -2972. What is the units digit of p?
3
Let h(n) = -n**3 + 18*n**2 - 29*n + 232. What is the tens digit of h(-23)?
8
Let b be ((-37926)/54)/((1*-2)/6). Suppose 791 + b = 6*a. What is the units digit of a?
3
Let k(t) = 158*t**2 + 63*t + 415. What is the tens digit of k(-6)?
2
Suppose -11*p - 25*p = -589265 + 7901. What is the hundreds digit of p?
1
Let k(f) be the second derivative of -f**4/12 - f**3 + 16*f. Let m be k(-5). Suppose -m*i + l = -590, 2*i + 2*l + 127 = 3*i. What is the tens digit of i?
1
Let w(l) be the first derivative of l**4 - l**3 - 3*l**2/2 + 2*l - 20. What is the units digit of w(5)?
2
Let p be (-11 - -7) + (1971 - -2). Suppose -2*o - p = -4*n - 5*o, -4*n = -4*o - 1976. Suppose -6*l + n = -89. What is the units digit of l?
7
Let y = 123 + 70. Suppose -199*w + 7752 = -y*w. What is the units digit of w?
2
Let r(t) = -t**3 + 5. Let s be r(0). Let b(p) = p**3 - 7*p**2 - 13*p - 5. Let x be b(10). Suppose x - 35 = s*n. What is the units digit of n?
6
Let i = -14 - -21. Let l(q) = q - 4. Let p be l(i). What is the tens digit of ((-115)/(-20))/(p/12)?
2
Let j be 761 - 11 - (-5)/1. Suppose 1476 + 829 = 5*a. Let p = j - a. What is the hundreds digit of p?
2
Suppose -5*p = -3*o - 28262 - 5472, 2*p = -5*o + 13506. What is the thousands digit of p?
6
Let b = 5681 + -782. What is the tens digit of b?
9
Let f(p) = -p**2 - 10*p + 34. Let a be f(-14). Let x be (a/(-44))/((-1)/12). Let h(r) = 3*r**2 + r - 16. What is the tens digit of h(x)?
8
Suppose 3*k = -3, -7 = 5*b + 3*k - 29. Suppose -b*f + 856 = -114. Suppose o - 36 = -i + 32, 0 = 3*i - 2*o - f. What is the units digit of i?
6
Let t = -1337 + 1340. Let l(h) be the first derivative of 5*h**2 + 3*h - 1. What is the units digit of l(t)?
3
Let u = 591 + -321. Suppose n + 1631 = 3*q - u, 5*n = -25. What is the units digit of q?
2
Suppose 2*d + d = -2*a + 18, -a - 12 = -2*d. Suppose 1891 + 425 = d*n. Suppose 98 = 4*l - n. What is the units digit of l?
1
Suppose 9*a - 276 = 7*a. Let h = a + -64. Suppose 2*r = 4*j - h, 2*j = 3*j - 5*r - 5. What is the units digit of j?
0
Suppose -2*v + 3*c - 13 = 0, 5*v + 4*c - 4 + 2 = 0. Let q(h) = -2*h**2 - 6*h - 5. Let g be q(v). What is the units digit of g/((-1)/60) + 0?
0
Let t(l) = -l**3 - 3*l**2 + 133*l + 125. What is the tens digit of t(-40)?
0
Let v(p) = 12*p**2 + 8*p - 15. Let k be v(9). Let t = k + -532. What is the hundreds digit of t?
4
Suppose -216*p - 4*m + 42744 = -212*p, -2*p = -4*m - 21384. What is the tens digit of p?
8
What is the hundreds digit of (-1 + (2 - -1))*19527/6?
5
Let r = 653 - 1458. Let v = 2012 + r. What is the hundreds digit of v?
2
Suppose 4*k + f = 12774, -7*k + 4*f = -3*k - 12784. What is the thousands digit of k?
3
What is the hundreds digit of ((-13)/(-52))/((0 + 6)/738216)?
7
Let r(j) be the first derivative of -j**4/4 - 3*j**3 - 4*j**2 + 4*j - 21. Let v be r(-8). What is the hundreds digit of (6/v)/(242/(-244) - -1)?
1
Let m be (-4 - (3 - 7))/(-1). Suppose m = -2*n - 2, 0*n + 1461 = 4*k - n. Suppose k + 13 = 3*l. What is the tens digit of l?
2
Let p be -3 - (4 + (-12344 - 3)). Suppose -24*h - p = -34*h. Suppose 6*q - 3*c - h = q, -2*q + 493 = -c. What is the tens digit of q?
4
Let m(x) = x**3 + 22*x**2 - 29*x - 21. Let t(j) = -3*j - 23. Let c be t(-9). Suppose 3*v = y + 3*y - 81, 12 = c*y. What is the tens digit of m(v)?
1
Suppose 134*r - 132*r = 550. Suppose -r - 904 = -3*q. What is the hundreds digit of q?
3
Let p(y) = -3*y**3 - 3*y**2 + 16*y + 16. Let u be p(-7). Suppose u = 4*o + 5*j, -3*o = -0*o + 4*j - 589. What is the units digit of o?
9
Suppose -155*u + 19*u + 90506 = -5162902. What is the units digit of u?
8
Let n(u) = -u**3 + 12*u**2 + 8*u - 91. Let w be n(13). What is the tens digit of 32/(w/(-75) + -2)?
0
Let p be (-6)/(-8) + 1112/(-32). Let a = p + 40. What is the units digit of 9/a*-2 + 6?
3
Suppose 3*u - 47525 = -2*j + 108870, -156371 = -2*j + 5*u. What is the hundreds digit of j?
1
Let l(k) = 13*k**2 - 12*k + 23. Let v be l(5). Suppose v = -4*o + 7480. What is the hundreds digit of o?
7
Let q be 3*1 - (-749)/7. Let m be 374/q + 4/(-10). Suppose 230 = 8*j - m*j. What is the units digit of j?
6
Suppose 36*u = 26*u + 36*u - 472576. What is the tens digit of u?
7
What is the tens digit of (-3486)/182 + 19 + 51417/13?
5
Let c be 598/(-65)*(-15)/6. Suppose 3*t - 702 = -3*l, 3*t = -4*l + c + 910. What is the units digit of l?
1
Let a be 1/((2 - 1)/1). Suppose 2*v = -3*d - 32, -v - 6 = d + 8. What is the units digit of (1/(-2))/(a/v)?
5
Suppose 4*l + 199 = 183. What is the hundreds digit of (l - 2)*(-460)/15?
1
Let u = -180 + 70. Let d = 148 + u. What is the tens digit of d?
3
What is the units digit of -6 + 339828/9 - 9/(-27)?
3
Let b(d) = 4*d**2 + 1. Let x(v) = -6*v - 11. Let q be x(-2). Let w be b(q). Suppose -2*m - 5*c = -173, -4*c + 217 = w*m - 207. What is the units digit of m?
4
Let z = 2075 - -1872. What is the tens digit of z?
4
Let m(b) = -1 + 179*b + 385*b**2 - 1 - 178*b. What is the units digit of m(1)?
4
Let d(b) be the third derivative of b**4/6 + 15*b**3 - 87*b**2. What is the units digit of d(-20)?
0
Suppose -4*c + 46*b - 47*b + 30071 = 0, -c + 3*b = -7521. What is the tens digit of c?
1
Suppose 3*q + 3*n - 69615 = 0, 2*n + 618 = -5*q + 116646. What is the thousands digit of q?
3
Let o(c) = -16 - 6*c**3 + 2*c**3 + 8*c**2 - 16 + 2 - 21*c + 3*c**3. What is the tens digit of o(-7)?
5
Suppose 112 = 2*d + 42. Let s be d/14*24/5. What is the tens digit of (s + (-1 - 2))*7?
6
What is the tens digit of (38661/(-588))/(2490/(-2488) - -1)?
9
Suppose -2*g + 246 + 122 = 0. Suppose 13*l = -g + 28. Let a(n) = n**2 - 3*n - 7. What is the units digit of a(l)?
3
Suppose 10 = 4*y - 2, 2*h - 3*y + 3 = 0. Let r be (-12)/h + 3/(3 + 0). What is the hundreds digit of 0 + r + 2/(2/285)?
2
Suppose -20*i - 425222 = -41*i - 28*i. What is the tens digit of i?
7
Let f = 7 - 2. Suppose 9*t - 4*t = 20, -f*c - t + 14 = 0. Suppose -q + 84 + 340 = c*w, 4*w + 4*q = 852. What is the units digit of w?
1
Suppose -41*m + 43*m - 122021 = -k, -4*k = 5*m - 305048. What is the tens digit of m?
1
Suppose -5*a - 32 = -4*p, 7*p - 2*p + a = 11. Suppose -p*s + 2*g = -6, 15 = 4*s + 4*g - 9*g. Suppose 2*n - 534 = -s*n. What is the units digit of n?
7
Let q be (1 - -4) + (-13620)/(-20). Let g = -420 + q. What is the hundreds digit of g?
2
Let t = 22398 + -14907. What is the thousands digit of t?
7
What is the hundreds digit of 48/96*(-1 + 13179)?
5
Let y be 3/1 - (-18)/(1 + 1). Let p be 2/(-3)*y/(0 + -2). Suppose 3*c - p*w = 108, 2*c + w - 61 = -0. What is the tens digit of c?
3
Let t = -1340 - -954. Let c = 41 - t. What is the units digit of c?
7
Let q be -3*6/9*327/(-3). Let z = 433 - q. What is the units digit of z?
5
Suppose 5*o + 7*o - 24 = 0. What is the tens digit of 64*1/o*8?
5
Suppose -2*u = -2, 5*u = -4*b + 2 + 7. What is the units digit of 1*(-5488)/(-8 + b)?
4
Let f be ((-16)/(-10))/((-38)/(-665)). Suppose f*q - 1160 = 8*q. What is the tens digit of q?
5
Suppose 6*h + 627 + 171 = 0. Let s = -129 - h. Suppose 5*k - s*k - 5*w = 147, 0 = -3*w + 3. What is the tens digit of k?
5
Suppose 327 = -3*f - 339. Let l = 223 + f. What is the units digit of l?
1
Let z(d) = -7*d**2 - 19*d - 42. Let f(u) = 5*u**2 + 20*u + 43. Let r(k) = 3*f(k) + 2*z(k). What is the units digit of r(-37)?
0
Let f(g) be the second derivative of g**5/20 + 23*g**4/12 + 7*g**3/2 + 25*g**2 + 79*g. What is the tens digit of f(-22)?
7
Sup